
5
Let p(d) = 6*d**2 + d + 1. Determine p(2).
27
Let v(m) = -30*m - 275. Calculate v(-9).
-5
Let y(n) = -n**2 + 4*n + 1. Calculate y(3).
4
Let z(d) = 30*d - 4. Determine z(0).
-4
Let s(r) = -r**2 - 23*r - 120. Calculate s(-7).
-8
Let j(n) = 2*n**2 + 9*n + 5. Give j(-5).
10
Let p(z) = z**2 - 2*z - 4. Calculate p(7).
31
Let h(r) = -72*r + 714. What is h(10)?
-6
Let k(q) = -2*q**2 + 11*q - 15. Give k(3).
0
Let v(k) = 6*k - 64. Determine v(8).
-16
Let t(x) = -x**3 + 8*x**2 - 8*x - 5. Determine t(7).
-12
Let f(b) = b**3 + 8*b**2 + 5*b - 6. Give f(-7).
8
Let i(y) = -14*y + 48. Calculate i(3).
6
Let z(u) = u**3 + 8*u**2 + 9*u + 8. Determine z(-6).
26
Let x(m) = m**2 - 64*m + 63. Give x(1).
0
Let t(l) = -6*l - 11. Give t(-3).
7
Let m(i) = -i - 4. Give m(-11).
7
Let i(r) = 28*r + 596. Give i(-21).
8
Let y(x) = -x - 29. What is y(-12)?
-17
Let q(n) = 14*n + 24. What is q(5)?
94
Let m(q) = q**3 - 8*q**2 - 7*q - 20. Calculate m(9).
-2
Let a(v) = -v**3 - 5*v**2 - 2*v + 3. Calculate a(-5).
13
Let f(t) = t**2 - 9*t + 15. Calculate f(8).
7
Let l(u) = 2*u**2 - 8*u + 29. Determine l(3).
23
Let c(v) = -v**2 + 9*v + 2. What is c(8)?
10
Let l(v) = -11*v - 29. Give l(-3).
4
Let d(l) = l**2 - 9*l + 11. Give d(10).
21
Let m(g) = g**2 - 7*g - 110. Determine m(13).
-32
Let b(t) = -t**2 + 11*t - 36. What is b(7)?
-8
Let b(m) = 2*m + 5. Determine b(8).
21
Let k(a) = a**2 + 20*a - 40. Give k(-22).
4
Let b(i) = i**2 + 19*i + 30. Give b(-17).
-4
Let l(w) = -w. Determine l(-5).
5
Let v(g) = g**3 + g**2 + 3*g + 2. What is v(-4)?
-58
Let i(a) = -a**3 + a**2 - a + 20. Determine i(0).
20
Let d(w) = w + 22. What is d(4)?
26
Let h(f) = -f**3 - 27*f**2 - 27*f - 64. What is h(-26)?
-38
Let f(q) = 2*q - 18. What is f(8)?
-2
Let h(i) = -17*i - 76. Calculate h(-4).
-8
Let q(p) = -3*p - 50. What is q(-20)?
10
Let p(u) = -2*u**2 + 8*u + 14. Calculate p(6).
-10
Let a(q) = q**2 - q - 14. Give a(-8).
58
Let k(p) = 26*p - 71. Determine k(2).
-19
Let d(h) = -h**3 - 5*h**2 + 3*h + 2. What is d(-6)?
20
Let y(s) = -12*s + 2. Determine y(1).
-10
Let u(c) = -6*c - 3. Calculate u(-4).
21
Let l(r) = -14*r**2 + 87*r - 15. Determine l(6).
3
Let m(u) = -55*u**2 + 1. What is m(-1)?
-54
Let x(y) = -5*y - 45. Determine x(-7).
-10
Let n(a) = -a**3 + 2*a**2 + 10*a - 14. Give n(4).
-6
Let r(b) = -b**3 - 5*b**2 - 2*b + 3. Give r(-4).
-5
Let u(j) = -2*j. What is u(0)?
0
Let h(c) = -c**2 - 10*c - 22. Calculate h(-8).
-6
Let s(l) = -l**2 - 9*l - 4. Determine s(-8).
4
Let r(x) = -2*x - 8. Give r(10).
-28
Let f(b) = -2*b**2 - 14*b + 50. What is f(4)?
-38
Let j(a) = -5*a + 9. What is j(9)?
-36
Let k(p) = -p**2 - 24. What is k(0)?
-24
Let s(v) = v**3 + v**2 + 2*v - 3. Give s(2).
13
Let s(b) = b**3 - 5*b**2 - 13*b. What is s(7)?
7
Let w(q) = -8*q - 4. What is w(-4)?
28
Let n(i) = -3*i + 34. Determine n(13).
-5
Let o(t) = 10*t - 143. What is o(14)?
-3
Let z(l) = -24*l - 7. Give z(4).
-103
Let o(f) = 4*f - 20. Give o(3).
-8
Let k(m) = -3*m - 15. Calculate k(-12).
21
Let d(a) = 8*a**2 - 99*a + 30. What is d(12)?
-6
Let b(o) = o**3 - 6*o**2 + 3*o - 9. Give b(6).
9
Let g(x) = x**2 + x - 29. Determine g(5).
1
Let g(d) = -8*d - 4. Give g(-1).
4
Let r(p) = -p**3 + 2*p**2 + p + 16. What is r(4)?
-12
Let o(d) = -d**3 - 16*d**2 + 36*d + 4. What is o(-18)?
4
Let q(r) = 28*r - 1148. Give q(41).
0
Let u(q) = q**3 - 2*q**2 - q. What is u(3)?
6
Let j(b) = -28*b**2 - 2*b + 1. Give j(1).
-29
Let c(m) = -m**3 + 6*m**2 + 13. Determine c(6).
13
Let m(y) = -y**2 + 5*y + 102. What is m(-7)?
18
Let u(w) = 51*w**2 + 1. What is u(-1)?
52
Let a(j) = j**2 + 18*j + 36. What is a(-16)?
4
Let h(a) = -a - 3. Calculate h(-6).
3
Let n(f) = 22*f + 26. What is n(-6)?
-106
Let l(s) = s**2 - 3*s + 5. Calculate l(3).
5
Let j(d) = -2*d**2 - 14*d + 9. Determine j(0).
9
Let q(l) = 2*l - 9. Calculate q(7).
5
Let b(y) = -10*y - 16. What is b(-3)?
14
Let n(o) = -9*o + 5. Calculate n(2).
-13
Let l(q) = -q - 13. What is l(-3)?
-10
Let d(r) = -2*r**2 - 17*r + 10. Determine d(-10).
-20
Let c(a) = -a**2 - 20*a - 21. Calculate c(-19).
-2
Let o(g) = 2*g**3 - g**2 + g. Calculate o(2).
14
Let r(o) = -o - 16. What is r(16)?
-32
Let l(c) = -21*c + 3. Calculate l(4).
-81
Let z(i) = -i**2 + 10*i - 16. Determine z(7).
5
Let r(f) = 2*f**3 + 35*f**2 + 12*f + 18. Determine r(-17).
103
Let o(m) = 2*m + 22. Calculate o(-12).
-2
Let i(t) = -t**2 - 10*t - 30. Calculate i(-5).
-5
Let k(y) = y**3 - 7*y**2 + 13*y - 7. Determine k(6).
35
Let f(d) = -17*d + 7. What is f(2)?
-27
Let n(a) = -3*a**3 - a**2 - 2*a - 1. Determine n(-2).
23
Let y(v) = -2*v**2 + 7*v + 9. Calculate y(5).
-6
Let s(p) = -p - 3. Determine s(6).
-9
Let g(m) = 2*m**3 - 2*m**2 - 15*m + 7. What is g(-3)?
-20
Let s(r) = -r**3 - 3*r**2 - 5*r - 3. Give s(-3).
12
Let r(c) = c**3 + 14*c**2 - c - 18. Calculate r(-14).
-4
Let v(w) = w**3 + 4*w**2 + 4*w - 1. What is v(-5)?
-46
Let z(o) = -4*o**2 + 4*o + 5. Determine z(-3).
-43
Let s(o) = -5*o - 2. What is s(2)?
-12
Let s(h) = -6*h + 11. What is s(5)?
-19
Let c(r) = -r**2 - 29*r - 51. Determine c(-27).
3
Let j(p) = -8*p - 57. Determine j(-6).
-9
Let h(p) = p**2 + 10*p - 11. Calculate h(-11).
0
Let p(m) = -m**2 - 12*m + 17. Calculate p(-12).
17
Let i(a) = a**3 + 16*a**2 + 17*a + 36. Determine i(-15).
6
Let d(b) = -5*b - 15. What is d(16)?
-95
Let t(c) = -129*c**2 + 3*c - 4. Give t(1).
-130
Let n(y) = -7*y - 3. What is n(-1)?
4
Let h(k) = -2*k**2 - 2*k + 2. What is h(3)?
-22
Let o(d) = 3*d. Give o(8).
24
Let n(w) = w**2 + 4*w + 18. Calculate n(-3).
15
Let o(v) = -3*v + 22. Give o(7).
1
Let r(l) = -8*l + 81. What is r(10)?
1
Let u(w) = -3*w**2 + 7*w + 7. Give u(-3).
-41
Let d(m) = -m**3 - 25*m**2 - 20*m + 106. What is d(-24)?
10
Let m(n) = -2*n**3 + 4*n**2 - n - 4. Give m(3).
-25
Let d(l) = -l**3 + 4*l**2 - 4*l + 12. Determine d(0).
12
Let k(w) = w**2 + 22*w + 6. Give k(-22).
6
Let s(f) = 21*f**3 - f. Calculate s(-1).
-20
Let q(d) = -d**2 + 9*d - 14. Give q(10).
-24
Let r(s) = -4*s**2 - 17*s - 2. Determine r(-5).
-17
Let d(w) = -w**2 - 19*w + 26. Determine d(-20).
6
Let r(f) = f**3 - 9*f**2 + 15*f - 52. What is r(8)?
4
Let j(c) = -c**3 + 10*c**2 + 8*c - 2. Calculate j(11).
-35
Let b(g) = g**3 + 39*g**2 + 110*g + 75. What is b(-36)?
3
Let o(c) = 7*c**2 - 3*c - 2. Determine o(-2).
32
Let h(p) = -p**3 - 8*p**2 - 10*p - 9. Calculate h(-7).
12
Let f(r) = r**3 + 17*r**2 - 21*r - 32. What is f(-18)?
22
Let t(q) = -q**3 + 2*q**2 + 5*q + 2. What is t(3)?
8
Let p(k) = k**3 - 8*k**2 + 9*k + 2. Give p(5).
-28
Let f(a) = 5*a + 30. What is f(-7)?
-5
Let l(n) = n**3 - 3*n**2 + 4. What is l(4)?
20
Let b(a) = -a**2 + 8*a + 15. Give b(-6).
-69
Let t(q) = q**3 - 3*q**2 + 12*q - 55. Calculate t(4).
9
Let f(h) = -h**3 - 10*h**2 - 23*h - 6. Determine f(-7).
8
Let a(k) = -8*k - 107. What is a(-12)?
-11
Let z(g) = -g**2 - 14*g + 9. What is z(-15)?
-6
Let a(x) = 19*x + 17. Determine a(-6).
-97
Let o(d) = -d**3 + 6*d**2 - 17*d + 67. Calculate o(5).
7
Let n(f) = f**2 - 5*f - 18. What is n(8)?
6
Let v(q) = -3*q + 58. Calculate v(13).
19
Let c(f) = -f**3 + 2*f**2 - f - 4. Calculate c(0).
-4
Let c(x) = 27*x**2 + 217*x + 15. Calculate c(-8).
7
Let h(r) = 4*r**2 + 66*r + 26. Give h(-16).
-6
Let l(p) = 14*p - 4. Calculate l(-2).
-32
Let i(z) = 25*z**3 - 2*z**2 - z. Determine i(-1).
-26
Let o(f) = 12*f - 854. What is o(71)?
-2
Let a(y) = -13*y**2 - y + 1. Determine a(-1).
-11
Let v(x) = x**3 - 8*x**2 - 7*x. Give v(8).
-56
Let k(v) = 2*v**3 + 16*v**2 + 2*v + 3. Calculate k(-8).
-13
Let n(a) = 5*a**2 - 35*a - 6. What is n(8)?
34
Let o(l) = -6*l + 25. Calculate o(4).
1
Let a(n) = n**2 + 5*n - 13. Determine a(0).
-13
Let z(a) = 2*a - 4. Calculate z(8).
12
Let t(c) = c**2 + 7*c. What is t(-8)?
8
Let t(s) = 9*s + 4. Give t(-4).
-32
Let m(q) = q**2 - 3*q - 23. Calculate m(0).
-23
Let f(q) = -6*q - 25. Determine f(-7).
17
Let z(u) = 2*u**3 + 14*u**2 - 4*u - 17. What is z(-7)?
11
Let t(w) = -2*w**2 - 7*w - 2. Give t(-6).
-32
Let v(a) = -2*a + 33. Determine v(16).
1
Let c(m) = -6*m**2 - 36*m + 11. Give c(-6).
11
Let n(f) = 26*f - 44. Give n(2).
8
Let q(u) = -u**2 - 10*u + 13. What is q(-11)?
2
Let a(i) = -6*i + 44. Determine a(8).
-4
Let v(q) = -q**2 + 3*q - 4. Calculate v(-4).
-32
Let h(i) = -i**3 - 17*i**2 + 18*i + 2. Calculate h(-18).
2
Let c(u) = -2*u**2 + u + 16. Give c(3).
1
Let z(k) = -k**2 + 21*k + 10. Calculat